.
621
Calculate the highest common divisor of 375069 and 5006655.
3441
What is the greatest common divisor of 2301 and 177349575?
2301
What is the highest common divisor of 2431 and 2194772437?
2431
Calculate the greatest common divisor of 2313523 and 1341.
149
What is the greatest common factor of 11625804 and 252?
36
What is the greatest common factor of 151020912 and 224?
112
Calculate the greatest common factor of 10360096 and 112.
16
Calculate the highest common divisor of 143072235 and 3546.
1773
What is the greatest common divisor of 28544208 and 63?
21
Calculate the greatest common divisor of 250135342 and 10602.
1178
Calculate the greatest common divisor of 16992 and 5382688.
1888
Calculate the highest common divisor of 210 and 1587660.
30
Calculate the highest common factor of 12507 and 515724.
33
Calculate the highest common factor of 15170 and 7497014.
3034
What is the greatest common divisor of 113280 and 1852480?
320
What is the highest common factor of 310340855 and 8155?
1165
What is the highest common divisor of 1440762558 and 1854?
618
Calculate the highest common factor of 653331 and 100647.
159
Calculate the highest common divisor of 209277 and 16308441.
3033
Calculate the highest common factor of 248 and 51624920.
248
What is the highest common factor of 1059 and 137829203?
353
What is the highest common factor of 20470832 and 48?
16
What is the highest common divisor of 120267211 and 67?
67
What is the greatest common factor of 1448172 and 783?
27
What is the highest common divisor of 2430 and 1158138?
486
What is the greatest common factor of 441 and 67112997?
147
What is the highest common divisor of 78149 and 53397?
17
What is the highest common divisor of 11988 and 37188?
36
What is the greatest common factor of 3960 and 3444408?
792
What is the greatest common factor of 58014 and 1742436?
18
Calculate the highest common factor of 15385 and 28305.
85
Calculate the highest common divisor of 32 and 1109720.
8
What is the greatest common divisor of 313 and 111284333?
313
What is the highest common divisor of 3 and 2183287?
1
What is the greatest common factor of 4035 and 15495?
15
What is the highest common factor of 77916 and 7746?
6
Calculate the greatest common factor of 168 and 1694847.
21
Calculate the highest common divisor of 88326432 and 2592.
288
What is the greatest common factor of 399 and 2302287?
57
Calculate the highest common factor of 1098675087 and 213.
213
Calculate the greatest common factor of 9249678 and 72.
18
What is the highest common divisor of 4797126 and 1333?
31
What is the highest common divisor of 120163528 and 22072?
712
What is the highest common factor of 45 and 628369305?
15
What is the greatest common factor of 22780 and 1567465?
335
Calculate the greatest common factor of 1706 and 68913017.
853
What is the highest common divisor of 132 and 75402536?
44
Calculate the highest common factor of 5146193 and 8551.
503
What is the highest common factor of 133 and 183389026?
19
What is the greatest common divisor of 85920 and 21832?
8
What is the greatest common factor of 15437094 and 966?
138
What is the greatest common divisor of 97741 and 1106?
7
What is the greatest common factor of 228105 and 82885?
685
What is the highest common divisor of 985 and 846115?
985
What is the greatest common factor of 23656536 and 30?
6
What is the highest common divisor of 1814265 and 38448?
2403
Calculate the greatest common factor of 927396 and 672556.
1108
What is the greatest common divisor of 8852740 and 3476?
316
What is the greatest common factor of 448 and 50668576?
224
Calculate the greatest common divisor of 113167 and 16.
1
Calculate the highest common factor of 6712811 and 7.
7
What is the highest common divisor of 570 and 28043790?
30
Calculate the greatest common factor of 1023241599 and 1026.
513
Calculate the greatest common divisor of 31123290 and 330.
330
Calculate the highest common divisor of 10913 and 342980.
1559
Calculate the highest common divisor of 3435 and 460605.
15
What is the greatest common divisor of 6256850 and 900640?
4330
What is the greatest common divisor of 2208432 and 441464?
1112
Calculate the greatest common factor of 1365 and 4812405.
195
What is the highest common divisor of 22498 and 4186?
14
What is the greatest common factor of 1410513 and 14261?
13
Calculate the highest common factor of 212 and 101459543.
53
Calculate the greatest common factor of 18705247 and 253.
11
Calculate the greatest common divisor of 1283728 and 16.
16
What is the highest common divisor of 12 and 11665926?
6
What is the greatest common factor of 969 and 765?
51
What is the greatest common divisor of 465541556 and 356?
356
Calculate the highest common divisor of 110764280 and 880.
440
Calculate the highest common factor of 552860 and 26972.
44
What is the greatest common factor of 388692158 and 19?
19
Calculate the greatest common factor of 7790 and 664315620.
7790
Calculate the highest common factor of 2538 and 6354776.
94
Calculate the highest common factor of 1235 and 1191034.
247
Calculate the highest common divisor of 1948948 and 578.
34
What is the greatest common divisor of 96 and 440152864?
32
What is the highest common factor of 4884 and 308121?
33
Calculate the highest common factor of 35915 and 80003.
11
What is the greatest common divisor of 5788 and 278465021?
1447
What is the greatest common factor of 4937244 and 12?
12
Calculate the greatest common divisor of 12285 and 82225.
65
What is the highest common factor of 1217818217 and 77?
77
What is the greatest common divisor of 213679524 and 19384?
9692
Calculate the highest common divisor of 412 and 1649854.
206
What is the highest common divisor of 32005578 and 744?
186
What is the highest common factor of 35309 and 376557?
31
Calculate the greatest common divisor of 537026262 and 1198.
1198
What is the highest common divisor of 109743267 and 473?
43
Calculate the greatest common divisor of 433584920 and 4040.
4040
What is the greatest common divisor of 207 and 54864?
9
What is the greatest common divisor of 468 and 2869092?
36
Calculate the greatest common factor of 38493 and 32851449.
423
Calculate the greatest common divisor of 821394 and 4102.
14
Calculate the greatest common factor of 151815780 and 6120.
3060
Calculate the greatest common factor of 13747 and 411711.
233
Calculate the highest common factor of 594950 and 17739.
73
What is the highest common divisor of 333943631 and 476?
119
What is the highest common divisor of 63794 and 111926?
382
Calculate the highest common divisor of 12254 and 70182.
1114
What is the highest common factor of 1351400 and 1624?
232
Calculate the greatest common factor of 8 and 221568236.
4
Calculate the highest common divisor of 3833467 and 2476.
619
What is the highest common divisor of 153425 and 116875?
425
What is the highest common divisor of 236828 and 44?
4
What is the greatest common factor of 6513876 and 288?
36
Calculate the highest common divisor of 2644119 and 45.
9
What is the highest common divisor of 3531 and 42899189?
107
Calculate the highest common divisor of 2772 and 654093.
99
Calculate the greatest common divisor of 4240791 and 32781.
669
What is the highest common divisor of 27445 and 2926136?
499
What is the greatest common divisor of 16 and 1146350?
2
What is the highest common divisor of 501 and 12515481?
501
What is the highest common factor of 18542416 and 688?
16
Calculate the greatest common factor of 85467225 and 825.
75
Calculate the greatest common divisor of 670125482 and 3094.
442
Calculate the highest common divisor of 788 and 36540151.
197
Calculate the greatest common factor of 22602860 and 680.
340
What is the highest common factor of 12584 and 15872792?
104
What is the highest common divisor of 203854 and 73318?
14
Calculate the highest common factor of 23594 and 378914.
94
Calculate the highest common factor of 106477 and 1010527.
2009
What is the greatest common factor of 57827 and 60291?
77
Calculate the highest common divisor of 647 and 36059251.
647
Calculate the greatest common factor of 2000 and 536425.
25
Calculate the highest common divisor of 5 and 10229455.
5
Calculate the highest common factor of 78045 and 20554.
43
Calculate the 